[INFO] cloning repository https://github.com/martyn-smith/fsim
[INFO] running `Command { std: "git" "-c" "credential.helper=" "-c" "credential.helper=/workspace/cargo-home/bin/git-credential-null" "clone" "--bare" "https://github.com/martyn-smith/fsim" "/workspace/cache/git-repos/https%3A%2F%2Fgithub.com%2Fmartyn-smith%2Ffsim", kill_on_drop: false }`
[INFO] [stderr] Cloning into bare repository '/workspace/cache/git-repos/https%3A%2F%2Fgithub.com%2Fmartyn-smith%2Ffsim'...
[INFO] running `Command { std: "git" "rev-parse" "HEAD", kill_on_drop: false }`
[INFO] [stdout] ef6984bb0670b4c93193c8cf7a3e46d13f778301
[INFO] checking martyn-smith/fsim against try#72f88fc4e9458f89516a0b8b0868f3718aec5b47 for pr-74989
[INFO] running `Command { std: "git" "clone" "/workspace/cache/git-repos/https%3A%2F%2Fgithub.com%2Fmartyn-smith%2Ffsim" "/workspace/builds/worker-6/source", kill_on_drop: false }`
[INFO] [stderr] Cloning into '/workspace/builds/worker-6/source'...
[INFO] [stderr] done.
[INFO] validating manifest of git repo https://github.com/martyn-smith/fsim on toolchain 72f88fc4e9458f89516a0b8b0868f3718aec5b47
[INFO] running `Command { std: "/workspace/cargo-home/bin/cargo" "+72f88fc4e9458f89516a0b8b0868f3718aec5b47" "read-manifest" "--manifest-path" "Cargo.toml", kill_on_drop: false }`
[INFO] started tweaking git repo https://github.com/martyn-smith/fsim
[INFO] finished tweaking git repo https://github.com/martyn-smith/fsim
[INFO] tweaked toml for git repo https://github.com/martyn-smith/fsim written to /workspace/builds/worker-6/source/Cargo.toml
[INFO] crate git repo https://github.com/martyn-smith/fsim already has a lockfile, it will not be regenerated
[INFO] running `Command { std: "/workspace/cargo-home/bin/cargo" "+72f88fc4e9458f89516a0b8b0868f3718aec5b47" "fetch" "--locked" "--manifest-path" "Cargo.toml", kill_on_drop: false }`
[INFO] [stderr]     Blocking waiting for file lock on package cache
[INFO] running `Command { std: "docker" "create" "-v" "/var/lib/crater-agent-workspace/builds/worker-6/target:/opt/rustwide/target:rw,Z" "-v" "/var/lib/crater-agent-workspace/builds/worker-6/source:/opt/rustwide/workdir:ro,Z" "-v" "/var/lib/crater-agent-workspace/cargo-home:/opt/rustwide/cargo-home:ro,Z" "-v" "/var/lib/crater-agent-workspace/rustup-home:/opt/rustwide/rustup-home:ro,Z" "-e" "SOURCE_DIR=/opt/rustwide/workdir" "-e" "CARGO_TARGET_DIR=/opt/rustwide/target" "-e" "CARGO_HOME=/opt/rustwide/cargo-home" "-e" "RUSTUP_HOME=/opt/rustwide/rustup-home" "-w" "/opt/rustwide/workdir" "-m" "1610612736" "--user" "0:0" "--network" "none" "rustops/crates-build-env@sha256:d92eaeed33fa75130ca1ee6c8a01d1ffb62bac859dfdfb3450e3e5d1c0146529" "/opt/rustwide/cargo-home/bin/cargo" "+72f88fc4e9458f89516a0b8b0868f3718aec5b47" "metadata" "--no-deps" "--format-version=1", kill_on_drop: false }`
[INFO] [stdout] 352de6b07139489a23544ac225062f70a5c419042084e10d978cf1e45667ffec
[INFO] [stderr] WARNING: Your kernel does not support swap limit capabilities or the cgroup is not mounted. Memory limited without swap.
[INFO] running `Command { std: "docker" "start" "-a" "352de6b07139489a23544ac225062f70a5c419042084e10d978cf1e45667ffec", kill_on_drop: false }`
[INFO] running `Command { std: "docker" "inspect" "352de6b07139489a23544ac225062f70a5c419042084e10d978cf1e45667ffec", kill_on_drop: false }`
[INFO] running `Command { std: "docker" "rm" "-f" "352de6b07139489a23544ac225062f70a5c419042084e10d978cf1e45667ffec", kill_on_drop: false }`
[INFO] [stdout] 352de6b07139489a23544ac225062f70a5c419042084e10d978cf1e45667ffec
[INFO] running `Command { std: "docker" "create" "-v" "/var/lib/crater-agent-workspace/builds/worker-6/target:/opt/rustwide/target:rw,Z" "-v" "/var/lib/crater-agent-workspace/builds/worker-6/source:/opt/rustwide/workdir:ro,Z" "-v" "/var/lib/crater-agent-workspace/cargo-home:/opt/rustwide/cargo-home:ro,Z" "-v" "/var/lib/crater-agent-workspace/rustup-home:/opt/rustwide/rustup-home:ro,Z" "-e" "SOURCE_DIR=/opt/rustwide/workdir" "-e" "CARGO_TARGET_DIR=/opt/rustwide/target" "-e" "CARGO_INCREMENTAL=0" "-e" "RUST_BACKTRACE=full" "-e" "RUSTFLAGS=--cap-lints=forbid" "-e" "CARGO_HOME=/opt/rustwide/cargo-home" "-e" "RUSTUP_HOME=/opt/rustwide/rustup-home" "-w" "/opt/rustwide/workdir" "-m" "1610612736" "--user" "0:0" "--network" "none" "rustops/crates-build-env@sha256:d92eaeed33fa75130ca1ee6c8a01d1ffb62bac859dfdfb3450e3e5d1c0146529" "/opt/rustwide/cargo-home/bin/cargo" "+72f88fc4e9458f89516a0b8b0868f3718aec5b47" "check" "--frozen" "--all" "--all-targets" "--message-format=json", kill_on_drop: false }`
[INFO] [stdout] 24e2edfe850a7616b67b7d7b5ec441de2f0d4bbd690f44178a3d32063c42ecba
[INFO] [stderr] WARNING: Your kernel does not support swap limit capabilities or the cgroup is not mounted. Memory limited without swap.
[INFO] running `Command { std: "docker" "start" "-a" "24e2edfe850a7616b67b7d7b5ec441de2f0d4bbd690f44178a3d32063c42ecba", kill_on_drop: false }`
[INFO] [stderr]    Compiling libc v0.2.59
[INFO] [stderr]    Compiling autocfg v0.1.4
[INFO] [stderr]     Checking lazy_static v1.3.0
[INFO] [stderr]     Checking c2-chacha v0.2.2
[INFO] [stderr]    Compiling rand_chacha v0.2.0
[INFO] [stderr]     Checking getrandom v0.1.6
[INFO] [stderr]     Checking rand_core v0.5.0
[INFO] [stderr]     Checking rand v0.7.0
[INFO] [stderr]     Checking plasmasim v0.1.0 (/opt/rustwide/workdir)
[INFO] [stdout] error[E0117]: only traits defined in the current crate can be implemented for arbitrary types
[INFO] [stdout]   --> src/particle.rs:57:1
[INFO] [stdout]    |
[INFO] [stdout] 57 | impl Add<[f64; 3]> for [f64; 3] {
[INFO] [stdout]    | ^^^^^-------------^^^^^--------
[INFO] [stdout]    | |    |                 |
[INFO] [stdout]    | |    |                 this is not defined in the current crate because arrays are always foreign
[INFO] [stdout]    | |    this is not defined in the current crate because arrays are always foreign
[INFO] [stdout]    | impl doesn't use only types from inside the current crate
[INFO] [stdout]    |
[INFO] [stdout]    = note: define and implement a trait or new type instead
[INFO] [stdout] 
[INFO] [stdout] 
[INFO] [stdout] error[E0117]: only traits defined in the current crate can be implemented for arbitrary types
[INFO] [stdout]   --> src/particle.rs:68:1
[INFO] [stdout]    |
[INFO] [stdout] 68 | impl AddAssign<f64> for [f64; 3] {
[INFO] [stdout]    | ^^^^^--------------^^^^^--------
[INFO] [stdout]    | |    |                  |
[INFO] [stdout]    | |    |                  this is not defined in the current crate because arrays are always foreign
[INFO] [stdout]    | |    `f64` is not defined in the current crate
[INFO] [stdout]    | impl doesn't use only types from inside the current crate
[INFO] [stdout]    |
[INFO] [stdout]    = note: define and implement a trait or new type instead
[INFO] [stdout] 
[INFO] [stdout] 
[INFO] [stdout] error[E0117]: only traits defined in the current crate can be implemented for arbitrary types
[INFO] [stdout]   --> src/particle.rs:78:1
[INFO] [stdout]    |
[INFO] [stdout] 78 | impl Mul<[f64; 3]> for f64 {
[INFO] [stdout]    | ^^^^^-------------^^^^^---
[INFO] [stdout]    | |    |                 |
[INFO] [stdout]    | |    |                 `f64` is not defined in the current crate
[INFO] [stdout]    | |    this is not defined in the current crate because arrays are always foreign
[INFO] [stdout]    | impl doesn't use only types from inside the current crate
[INFO] [stdout]    |
[INFO] [stdout]    = note: define and implement a trait or new type instead
[INFO] [stdout] 
[INFO] [stdout] 
[INFO] [stdout] error: aborting due to 3 previous errors
[INFO] [stdout] 
[INFO] [stdout] 
[INFO] [stdout] For more information about this error, try `rustc --explain E0117`.
[INFO] [stdout] 
[INFO] [stderr] error: could not compile `plasmasim`.
[INFO] [stderr] 
[INFO] [stderr] To learn more, run the command again with --verbose.
[INFO] [stderr] warning: build failed, waiting for other jobs to finish...
[INFO] [stdout] error[E0117]: only traits defined in the current crate can be implemented for arbitrary types
[INFO] [stdout]   --> src/particle.rs:57:1
[INFO] [stdout]    |
[INFO] [stdout] 57 | impl Add<[f64; 3]> for [f64; 3] {
[INFO] [stdout]    | ^^^^^-------------^^^^^--------
[INFO] [stdout]    | |    |                 |
[INFO] [stdout]    | |    |                 this is not defined in the current crate because arrays are always foreign
[INFO] [stdout]    | |    this is not defined in the current crate because arrays are always foreign
[INFO] [stdout]    | impl doesn't use only types from inside the current crate
[INFO] [stdout]    |
[INFO] [stdout]    = note: define and implement a trait or new type instead
[INFO] [stdout] 
[INFO] [stdout] 
[INFO] [stdout] error[E0117]: only traits defined in the current crate can be implemented for arbitrary types
[INFO] [stdout]   --> src/particle.rs:68:1
[INFO] [stdout]    |
[INFO] [stdout] 68 | impl AddAssign<f64> for [f64; 3] {
[INFO] [stdout]    | ^^^^^--------------^^^^^--------
[INFO] [stdout]    | |    |                  |
[INFO] [stdout]    | |    |                  this is not defined in the current crate because arrays are always foreign
[INFO] [stdout]    | |    `f64` is not defined in the current crate
[INFO] [stdout]    | impl doesn't use only types from inside the current crate
[INFO] [stdout]    |
[INFO] [stdout]    = note: define and implement a trait or new type instead
[INFO] [stdout] 
[INFO] [stdout] 
[INFO] [stdout] error[E0117]: only traits defined in the current crate can be implemented for arbitrary types
[INFO] [stdout]   --> src/particle.rs:78:1
[INFO] [stdout]    |
[INFO] [stdout] 78 | impl Mul<[f64; 3]> for f64 {
[INFO] [stdout]    | ^^^^^-------------^^^^^---
[INFO] [stdout]    | |    |                 |
[INFO] [stdout]    | |    |                 `f64` is not defined in the current crate
[INFO] [stdout]    | |    this is not defined in the current crate because arrays are always foreign
[INFO] [stdout]    | impl doesn't use only types from inside the current crate
[INFO] [stdout]    |
[INFO] [stdout]    = note: define and implement a trait or new type instead
[INFO] [stdout] 
[INFO] [stdout] 
[INFO] [stdout] error: aborting due to 3 previous errors
[INFO] [stdout] 
[INFO] [stdout] 
[INFO] [stdout] For more information about this error, try `rustc --explain E0117`.
[INFO] [stdout] 
[INFO] [stderr] error: build failed
[INFO] running `Command { std: "docker" "inspect" "24e2edfe850a7616b67b7d7b5ec441de2f0d4bbd690f44178a3d32063c42ecba", kill_on_drop: false }`
[INFO] running `Command { std: "docker" "rm" "-f" "24e2edfe850a7616b67b7d7b5ec441de2f0d4bbd690f44178a3d32063c42ecba", kill_on_drop: false }`
[INFO] [stdout] 24e2edfe850a7616b67b7d7b5ec441de2f0d4bbd690f44178a3d32063c42ecba
